{"id":4144,"date":"2024-10-30T14:59:58","date_gmt":"2024-10-30T12:59:58","guid":{"rendered":"https:\/\/vlcek.moravany.eu\/av\/metafora-island-2-0_rising-and-falling\/"},"modified":"2024-11-05T15:32:38","modified_gmt":"2024-11-05T13:32:38","slug":"metafora-island-2-0_rising-and-falling","status":"publish","type":"av","link":"https:\/\/danvlcek.com\/cs\/av\/metafora-island-2-0_rising-and-falling\/","title":{"rendered":"Metafora Island 2.0_Rising and Falling"},"content":{"rendered":"<p>Na um\u011ble vytvo\u0159en\u00e9 p\u0159\u00edlivov\u00e9 plo\u0161in\u011b v&nbsp;ben\u00e1tsk\u00e9m Cartons se v&nbsp;dynamick\u00e9m cyklu zaplavov\u00e1n\u00ed a&nbsp;vysych\u00e1n\u00ed da\u0159\u00ed rostlince Salicornia fruticosa. Kdy\u017e stoupne p\u0159\u00edliv, rostliny se potop\u00ed, ekosyst\u00e9m se v\u0161ak adaptuje. Za slune\u010dn\u00edho svitu vznikaj\u00ed mikrobi\u00e1ln\u00ed roho\u017ee, kter\u00e9 stabilizuj\u00ed p\u016fdu a&nbsp;podporuj\u00ed fotosynt\u00e9zu.<\/p>\n<p>Za bou\u0159ky miz\u00ed rostliny ve vln\u00e1ch, kde zachycuj\u00ed \u017eiviny a&nbsp;usazeniny, a&nbsp;mikrobi zat\u00edm posiluj\u00ed p\u016fdu. Po bou\u0159i se d\u00edky obohacen\u00e9 zemin\u011b rozr\u016fstaj\u00ed soln\u00e9 ba\u017einy a&nbsp;d\u00e1le se adaptuj\u00ed na stoupaj\u00edc\u00ed hladinu mo\u0159e, pokra\u010duj\u00ed v&nbsp;cyklu obnovy, klesaj\u00ed a&nbsp;stoupaj\u00ed, a&nbsp;tak st\u00e1le d\u00e1l. Video vzniklo p\u0159i hled\u00e1n\u00ed mikrobi\u00e1ln\u00edho a&nbsp;rostlinn\u00e9ho materi\u00e1lu k&nbsp;instalaci Doom Doom, Microbial Zoom ve spolupr\u00e1ci s&nbsp;Dr. Giovannim Cecconim.<\/p>\n","protected":false},"featured_media":4100,"parent":0,"template":"","meta":{"_acf_changed":false,"wp_typography_post_enhancements_disabled":false},"class_list":["post-4144","av","type-av","status-publish","has-post-thumbnail","hentry"],"acf":[],"_links":{"self":[{"href":"https:\/\/danvlcek.com\/cs\/wp-json\/wp\/v2\/av\/4144","targetHints":{"allow":["GET"]}}],"collection":[{"href":"https:\/\/danvlcek.com\/cs\/wp-json\/wp\/v2\/av"}],"about":[{"href":"https:\/\/danvlcek.com\/cs\/wp-json\/wp\/v2\/types\/av"}],"wp:featuredmedia":[{"embeddable":true,"href":"https:\/\/danvlcek.com\/cs\/wp-json\/wp\/v2\/media\/4100"}],"wp:attachment":[{"href":"https:\/\/danvlcek.com\/cs\/wp-json\/wp\/v2\/media?parent=4144"}],"curies":[{"name":"wp","href":"https:\/\/api.w.org\/{rel}","templated":true}]}}

<p>Na uměle vytvořené přílivové plošině v&nbsp;benátském Cartons se v&nbsp;dynamickém cyklu zaplavování a&nbsp;vysychání daří rostlince Salicornia fruticosa. Když stoupne příliv, rostliny se potopí, ekosystém se však adaptuje. Za slunečního svitu vznikají mikrobiální rohože, které stabilizují půdu a&nbsp;podporují fotosyntézu.</p>
<p>Za bouřky mizí rostliny ve vlnách, kde zachycují živiny a&nbsp;usazeniny, a&nbsp;mikrobi zatím posilují půdu. Po bouři se díky obohacené zemině rozrůstají solné bažiny a&nbsp;dále se adaptují na stoupající hladinu moře, pokračují v&nbsp;cyklu obnovy, klesají a&nbsp;stoupají, a&nbsp;tak stále dál. Video vzniklo při hledání mikrobiálního a&nbsp;rostlinného materiálu k&nbsp;instalaci Doom Doom, Microbial Zoom ve spolupráci s&nbsp;Dr. Giovannim Cecconim.</p>
